 3 and n.
3
Let n(a) = a**3 - 5*a**2 - a - 12. Let w be n(6). Let z(b) = -b**2 - 7*b + 2. Let p be z(-7). What is the highest common divisor of p and w?
2
Suppose 4*i = -3*x + 29, 3*x + 8 - 33 = -5*i. What is the greatest common divisor of 135 and x?
15
Let w(k) = -k**2 + 11*k. Let n = 23 - 14. Let l be w(n). Suppose -4*f = -f - 108. Calculate the highest common divisor of f and l.
18
Suppose -218 = -3*o + 4*s, -16 = -o - 2*s + 50. Suppose -m = -5*m + 40. What is the highest common divisor of o and m?
10
Let c(b) = -b**2 + 14*b - 3. Suppose -3*u = 6, -5*u - 1 = -2*r + 23. Let z be c(r). What is the greatest common factor of 23 and z?
23
Let r = -16 - -23. Let u = 11 - r. What is the greatest common factor of u and 16?
4
Let l(q) = q**3 + 8*q**2 + 3*q - 8. Let u be l(-7). What is the highest common divisor of u and 140?
20
Let c(r) = r + 10. Let m be c(-8). Let g be 128/(2/m) + -2. Let b = 34 + -20. What is the greatest common factor of b and g?
14
Suppose -z + 14 = -2*l, -3*z + 5*z - 28 = -l. Calculate the greatest common divisor of z and 154.
14
Let w = 100 + -91. Calculate the greatest common factor of 108 and w.
9
Suppose 2*f - 59 = -5*s + 57, -4*s + 106 = -5*f. Suppose 2*d + s = r, -9*r + 5*r + d = -89. Calculate the greatest common factor of 55 and r.
11
Let a(g) = g - 4*g + 1 + 1 + 4*g. Let t be a(-6). Let u(y) = -y**3 - 2*y**2 + 6*y + 2. Let c be u(t). What is the highest common factor of c and 2?
2
Suppose -4*v + 9 + 11 = 0. Let s = 0 + 5. Calculate the highest common factor of s and v.
5
Let j = -60 + 112. Let k = 112 - 75. Suppose r - k = -2*z, j = 3*z - 0*z - 2*r. Calculate the highest common divisor of z and 162.
18
Suppose o + 1 = 2*g, -4*g = 5*o + 1 + 18. Let j be (g + 0)/(4/20). Let l(s) = 5*s**2 + 7*s. Let v be l(j). What is the greatest common factor of v and 36?
18
Let y(i) = 4*i - 5 + 0 - i**3 + 2 - 6*i**2. Let h be y(-7). Suppose 3*n - 30 - 51 = 0. Calculate the highest common factor of h and n.
9
Let r = 91 - 62. Let p = 41 - r. Suppose 0 = 3*h + v - 23, -2*v - 2 + p = 2*h. Calculate the greatest common factor of 9 and h.
9
Let x(p) = -p**2 + 2*p. Let c be x(2). Let q = 45 + c. What is the greatest common divisor of q and 30?
15
Let d be ((-20)/(-25))/((-4)/(-70)). Let q = -8 - -15. Calculate the highest common divisor of d and q.
7
Suppose -2*i + 8 = 4*d, i - 53 = -4*i + d. Suppose 0 = -y + i. Calculate the highest common divisor of 10 and y.
10
Suppose -2*d + 5 + 3 = 0. Let z = 30 - 10. Calculate the highest common divisor of d and z.
4
Suppose y + 54 = 2*y. What is the highest common factor of y and 6?
6
Let g = -40 - -124. What is the greatest common divisor of g and 56?
28
Suppose 0*h + 4*h + 20 = 0. Let u be 0 + h/((-15)/9). Calculate the highest common factor of 12 and u.
3
Let h be -1 - ((-6)/3 + 1). Let r = h + 0. Suppose r*c - 2*c = -50. What is the greatest common divisor of c and 10?
5
Let p be 12/9 + (-40)/(-15). Suppose 0 = p*m + 8 - 48. Calculate the highest common divisor of m and 20.
10
Let q be (-2)/(-8) + 18/24. Calculate the highest common factor of 7 and q.
1
Suppose 2*l - 2*d = -8, -2*l + 3*d - 2 = 7. Let h be (2 - 3)/((-4)/(-8)). Let n be 77 + l + 1*h. Calculate the greatest common factor of 48 and n.
24
Let b(j) = -5*j - 3. Suppose 11*o - 6*o = -25. Let x be b(o). Calculate the highest common factor of x and 11.
11
Let n = -10 - -24. What is the highest common factor of n and 14?
14
Suppose -5*n + 7*n - 20 = 0. Suppose 15 + 20 = 5*s. Let c(u) = 3*u - 6. Let g be c(s). Calculate the highest common divisor of g and n.
5
Let m(i) be the first derivative of 9*i**2 + 3*i - 4. Let k be m(4). Calculate the highest common factor of k and 30.
15
Suppose -3*n = -3*d - 160 - 77, 3*n - 2*d = 235. Let g = -44 + n. Suppose -2*l = u + u - 20, -5*u - 4*l = -51. Calculate the greatest common factor of g and u.
11
Suppose 2*k = 2*n + 56, -89 = -0*k - 3*k - 2*n. Suppose 4*p = 3*p + k. Let a = p - 20. Calculate the greatest common divisor of 3 and a.
3
Let k(s) = s + 8. Let a be k(-9). Let m be -1 + 17 + a*1. What is the highest common divisor of m and 3?
3
Suppose -3*w - 4*v = -v - 9, -7 = -4*w + v. Suppose 4*k = 2*s + 296, w*s + 241 = 3*k + 20. What is the greatest common divisor of k and 15?
15
Let i be 2/1*3/6. Let q be ((-15)/i)/((-2)/6). Calculate the highest common factor of q and 9.
9
Suppose -3*k - 4*q = -6*k + 67, 2*k - 42 = 2*q. Let o(p) = -p**3 - 5*p**2 + 4*p + 5. Let j be o(-6). Calculate the highest common divisor of k and j.
17
Suppose -4*o + 0*v + 160 = 2*v, 154 = 4*o - v. Calculate the greatest common divisor of o and 117.
39
Let h be (4/14)/(2/14). Suppose 2*u - 75 = -3*i, -3*i + 5*u + 150 = h*i. Calculate the highest common factor of 18 and i.
9
Let x(z) = 5*z**2 - 2*z + 5. Let g be x(4). Suppose -3*n + g = 11. Let w be ((-24)/(-18))/((-2)/(-297)). What is the highest common factor of w and n?
22
Let p be (-172)/(-8) + (-1)/2. What is the greatest common factor of p and 189?
21
Let y be ((-1)/(-2))/((-1)/6). Let w(b) = -5*b**3 - 5*b**2 - 4*b - 3. Let k be w(y). Calculate the greatest common divisor of 11 and k.
11
Let y(p) = -p - 6. Suppose j + g = -6, 26 = -4*j - g - 2*g. Let c be y(j). Calculate the greatest common divisor of 6 and c.
2
Let a = 5 - 26. Let j = 30 + a. What is the highest common factor of j and 81?
9
Let a(p) = -p**3 + 5*p**2 + 4*p + 4. Let y be a(5). What is the greatest common divisor of y and 216?
24
Let h = 0 - -4. Suppose 53 + 35 = h*z. Let d = 19 - 8. What is the highest common divisor of d and z?
11
Let v = -58 + 114. Let d be (-4)/6 + 328/(-12). Let k = d + v. Calculate the greatest common divisor of 7 and k.
7
Let t(k) = -15*k + 3. Let g be t(-3). Suppose -2*r + 54 = -r. Suppose 5*s - r = 106. Calculate the greatest common factor of s and g.
16
Suppose -16 = 3*b - 5*u - 91, -3*u + 11 = b. Let v(r) = 2*r**3 - 4*r**2 + 2*r. Let l be v(2). What is the highest common divisor of b and l?
4
Let j = 23 - 21. Suppose 88 = 3*b - 2*m, 2*b - 46 = -m + 22. Let l be -2 + 0 + b/2. What is the greatest common factor of l and j?
2
Suppose -5 + 20 = 5*o. Calculate the greatest common divisor of o and 12.
3
Suppose -a = 2*s - 72 - 84, -20 = 5*a. What is the greatest common factor of 10 and s?
10
Suppose 20 = 5*s - 5*p, -s + 0*s - 4*p - 16 = 0. Suppose -d + s*d = -8. Calculate the greatest common divisor of d and 56.
8
Suppose 2*j = -12*j + 238. Let g(p) = -8*p + 1. Suppose 4*t = 5 - 13. Let n be g(t). What is the highest common factor of n and j?
17
Let y(u) = u**2 - 2*u + 2. Let x be y(2). Suppose -x*n - 30 + 82 = 0. What is the highest common factor of 130 and n?
26
Suppose 4 = h, 2*m = -0*m - h + 36. Calculate the highest common divisor of m and 176.
16
Let h = -1 - -9. What is the highest common factor of 4 and h?
4
Suppose -94 = -2*v - 2*j, -2*v + 4*j = 19 - 107. Suppose -u + 2*u + 4*p - 14 = 0, -2*u - 2*p + v = 0. Calculate the greatest common factor of u and 39.
13
Suppose -64 = m - 2*m. What is the greatest common factor of 8 and m?
8
Suppose -3*f + 1 = f - 5*b, 5*f + 2*b - 26 = 0. Let w be (-1)/f - (-81)/4. Calculate the greatest common factor of w and 20.
20
Let i = 7 + -10. Let z be (12/5)/(i/(-10)). Let d = 14 + z. What is the highest common factor of 33 and d?
11
Let j be (-4)/(-10) + 8/5. Suppose -2*i - 5 - 5 = 0. Let c be (i/j)/(4/(-8)). Calculate the highest common divisor of c and 15.
5
Suppose 4*g + g = 25. Suppose -3*r + g = -4. Calculate the greatest common factor of 12 and r.
3
Let y(w) = w**3 + w**2 + 70. Let h be y(0). What is the greatest common divisor of h and 10?
10
Suppose -8*j + 3*j - 95 = -5*g, 3*g = -4*j + 57. Suppose n - 4*n + 14 = y, -5*y + 2*n + g = 0. Calculate the highest common factor of 5 and y.
5
Let m = 0 - 3. Let k = 0 - m. Let x be k/(-3) + 7 + 2. What is the greatest common factor of 72 and x?
8
Let d be ((-32)/2)/4 + 34. Calculate the greatest common factor of d and 390.
30
Suppose -3*k + 4*k = 90. Suppose 6*m + 6 = 7*m. Suppose m*x = x + k. What is the greatest common factor of 54 and x?
18
Let r(t) = -8*t - 4. Let g be r(-4). Suppose 3*a = 5*d - 1 - g, -4*d + 4*a = -28. Let p be d/8*(-1 + 161). Calculate the greatest common factor of p and 8.
8
Let q(c) = 105*c**2 + 2*c - 1. Let o = 5 - 4. Let i be q(o). Let w = -18 + i. Calculate the greate